(2 - 4) + 18.
8
Evaluate 13 + (16 - 18 - 18) + -6.
-13
What is -3 - (17 - 20) - (-1 + 16 + -2)?
-13
-8 + -7 + (-20 - -42)
7
Evaluate (11 - (13 - 10)) + 3.
11
Evaluate 1 + -3 - -10 - ((1 - -35) + -20).
-8
What is -6 + 18 + (0 - 5)?
7
What is the value of -4 + (3 - 3) + 7 + 1 + -6?
-2
-4 + (-19 - (1 + -4)) + 50 + -55
-25
-3 - (10 + 7 + -11 + 8) - 0
-17
Evaluate 51 + 9 - (11 - -26).
23
-18 - (19 + 8 + -23)
-22
What is the value of -3 - (9 - 13 - 1) - 1?
1
Evaluate (-25 - -11) + 11 - 28.
-31
What is the value of 4 + (1 - 0) - (-14 + 6 - -6)?
7
What is -37 + -18 + 4 + 27?
-24
Evaluate 31 - (16 + -2 + 1).
16
-2 + 5 + (-3 - 6) - -1
-5
(12331 - 12337) + 0 + -1 + -27
-34
Calculate 10 - (4 - -2 - (-27 - (-17 + -7))).
1
What is the value of -14 + 9 + (9 - 0)?
4
What is the value of -22 + (8 - (-20 + 7 - -10))?
-11
What is the value of (-10 - -5) + (12 - 1)?
6
What is the value of -12 - (-10 - 10) - 12 - (-4 - -1)?
-1
Calculate -628 + 617 - (0 + -2 + -8 + 2).
-3
Evaluate 14 - 1 - (13 + (-4 - 7)).
11
What is the value of (10 - 5 - 12 - -5 - -5) + 22?
25
What is the value of 0 + (11 - 20) + -7?
-16
What is the value of (6 - 1 - (-18 - -10)) + (-4 - -8)?
17
Calculate (-10 + -4 - (1 - 6)) + -16.
-25
What is -2 - ((30 - 16) + 6 + -10 + 5)?
-17
What is the value of 10 + (-10 - 1 - -10) + 16?
25
(-5 - 8) + -54 + 42
-25
Calculate (-6 - 3) + 12 + -12.
-9
Calculate 34 + -27 - (5 + -3 + -1).
6
What is the value of 7 - (-5 - 0) - 27?
-15
Evaluate -1 - (288 - 282 - (1 + 9)).
3
What is (-1 + -3 + -25 - -8) + (-1 - 0)?
-22
Calculate 13 - (21 - ((8 - 26) + 5)).
-21
What is -34 - (-3 - (67 - 15))?
21
What is the value of -52 + (10 - -35) + (0 - 9)?
-16
Calculate (-1069 - -1086) + (1 + -1 - -11).
28
Evaluate 10 + -3 - (-15 + 23) - (-11 + 0).
10
What is the value of 4 + 0 + -12 + -3 + 10?
-1
What is the value of 19 + (-6 - -3) + -7 + 5 - 2?
12
-44 - -64 - (-2 - -28)
-6
Evaluate -2 + (1 - 9) + (-13 - (18 + -29)).
-12
Evaluate -4 + 22 + 2 - 18.
2
Calculate 39 - ((18 - 11) + 11).
21
Evaluate 3 + -1 + -3 + 0 + 29.
28
What is the value of -10 + 18 + -2 + -22 + -3 - -6?
-13
Calculate 0 - -39 - (14 - -12).
13
(59 + -37 - 18) + -18 + 1
-13
Evaluate -5 + (8 - ((-4 - 1) + 3 + -4)).
9
0 - -9 - (32 - 22 - 16)
15
What is (-1 + 2 - 11) + (122 - 122)?
-10
Evaluate 24 + (-21 - (-13 - (-14 + 11))).
13
What is the value of 7 + (3 - 1 - 10 - (-4 - -12))?
-9
Calculate -7 - (-18 - (18 - 35)) - (-1 + -20).
15
Evaluate (1 - (8 - -3)) + (8 - 3 - 4).
-9
Calculate 753 + -717 - (-1 - -25).
12
-5 + 9 + -15 + -5 + -19 + 5
-30
Calculate 18 + (6 - (2 + (-3 - -17) - 6)).
14
(-22 - (-19 - -10)) + 8
-5
What is the value of 1 + 7 + (-1 - (11 + -28 + 10))?
14
What is -1 + 0 + -7 - -9 - -4?
5
What is the value of (12 - (15 + (3 - 7))) + 12?
13
Calculate (-28 + 28 - (2 - 13)) + -5 + 2.
8
(-50 - -50) + 1 + -9 - -16
8
What is the value of (-8 - -12) + (7 + (-7 - 6) - -3)?
1
Calculate -2 - 1 - (-16 - (-12 - 4)).
-3
What is the value of -8 - (-7 + (-4 - -6) + (11 - -1))?
-15
Evaluate -4 - ((-5 - (-2 - 4) - 1) + -2).
-2
What is the value of -6 + (-20 - (7 + -22))?
-11
Evaluate -11 - (-8 + 6) - (1 - (6 - 5)).
-9
Evaluate -5 - (-9 + 1 + 1 + 11).
-9
What is the value of -35 + (42 - (30 + -22))?
-1
What is the value of -7 - (-10 - -6) - -19?
16
(11 - 0) + (-5 - 3 - 0)
3
Evaluate -9 + (0 - (1 + 14)) + 23.
-1
Calculate (41 - 25) + -46 - 0.
-30
Calculate 9 + -9 + -3 + 6 - -6.
9
What is the value of -3 - (26 - (34 - 26))?
-21
What is 2 + -3 + -36 + 26?
-11
What is the value of (-83 + 72 - (0 - 42)) + -8?
23
What is 3 + -7 + 1 + 2 + 1?
0
What is 32 + 21 + -19 + -24?
10
What is the value of (12 - 7 - -4) + 6 + 16 + -2?
29
-1 - (-32 + (10 - -5 - 9))
25
What is the value of -45 + 41 - (0 - ((5 - 1) + -2))?
-2
Calculate 14 + (-20 - 2) - (9 - 1).
-16
What is 15 - -1 - (-338 + 374)?
-20
-62 + (-17 + 28 - -29)
-22
What is (-17 - -18) + (3 - (-2 + -3 + 3))?
6
Evaluate -61 - -21 - -37 - 10.
-13
What is the value of (-7 - -21) + (1 - 2) + -9 + -7?
-3
Calculate 20 + -2 + -1 + 87 + -90.
14
What is the value of (-4 - 0) + (21 - 5) + -11?
1
Calculate (-2 - 0) + -13 - -13.
-2
-6 + -3 + 6 + -8 + 9
-2
What is -21 - (6 + (-11 - -3) + -4)?
-15
What is the value of -112 + 97 - (-3 + (-11 - -5))?
-6
Evaluate -1 + 1 - (18 - (-28 + 39)).
-7
What is the value of 53 - (31 + 29 + -33)?
26
Calculate 1 + 5 + 3 + (0 + -6 - 1).
2
Evaluate (9 - (-6 - -9)) + (10 - 7) + -6.
3
Calculate -3 + 6 + 24 - 19.
8
What is the value of (-50 - -43 - (-4 - 1)) + -4?
-6
Calculate 24 - (28 - (-25 - -27)).
-2
Evaluate (-157 - -156) + 0 + -7.
-8
What is 13 + -7 + (7 - 8)?
5
11 + (-1 + 1 - ((-8 - -20) + -11))
10
Evaluate -10 - (-4 + -19 + (10 - -2)).
1
What is the value of 41 + (8 - (-7 + (-4 - (-7 + -22))))?
31
0 + -3 - 5 - (-81 - -88)
-15
-19 + (-19 - -52) + (-7 - 0)
7
Evaluate (-12 + 8 + -2 - 1) + 52 + -10.
35
(-3 + 1 - (-29 + 31)) + 2 + -9
-11
Calculate -49 - (-63 - (40 + -81)).
-27
-4 + 5 - 4 - 4 - -3
-4
44 + -45 + -2 + 5
2
-1 + (-20 + 27 - -6)
12
Calculate 11 - ((68 - 76) + 31 + 2 + 10).
-24
What is -6 + -5 + -3 + -8 + 12?
-10
What is -23 - (11 - (5 - -14))?
-15
What is the value of 1 + 5 + 107 + -101?
12
What is the value of 16 - -33 - (42 - 26)?
33
Calculate (10 - 3) + (-137 - -122).
-8
What is the value of -38 + 33 + 1 + -12?
-16
Calculate -1 - -4 - (-18 - -1 - (125 - 142)).
3
What is the value of 4 + 0 + 138 + -141?
1
What is 16 + -5 + -23 + -3?
-15
What is the value of 5 + (-12 - -3 - -2)?
-2
(17 - (-12 + -10)) + -24
15
What is 18 - (2 + 8 - (-3 - -7))?
12
Calculate 3 + (1 - (0 + 8 + -7 + 8)).
-5
55 + -72 - (1 + -4) - 0
-14
What is -5 + 15 + -11 + 14 + (1 - -4)?
18
What is the value of -5 - (-54 - -52) - (0 - 27)?
24
What is the value of (-16 - 0) + 1 + -21 + 31 + -5?
-10
Calculate 9 - (-2 - (-30 + 14 + -4)).
-9
What is the value of -38 + -17 + 3 - -39?
-13
Calculate 1 + (6 - (2 - 1) - (43 - 35)).
-2
What is the value of (-19 - 52 - -69) + 6 + (3 - 2)?
5
Calculate -31 + 27 + (2 + -1 + -2 - -2).
-3
What is -9 + (24 - 2) + -7?
6
What is 1 + (-2 - (-3 - 6) - 2)?
6
Calculate -39 + 18 - -23 - (2 + -4).
4
0 + 1 - (22 + -8 + (-13 - -3))
-3
Calculate 38 + -28 + (-21 - (1 + -5 - 0)).
-7
What is the value of 18 + -14 - 4 - -5?
5
Evaluate 6 + 10 - 9 - (0 + -1 + -3).
11
What is 12 + -46 + 7 + (29 - 31)?
-29
Calculate (-7 - (0 + 0)) + 8 - 0.
1
21 + (2 + -14 + 4 - (38 + -45))
20
What is the value of 2 - (18 - 5) - (-48 + 8) - 2?
27
4 - (2 + -1) - (4 - 0) - -4
3
What is 1 - (-4 - 42 - -15)?
32
86 - 79 - (8 - -22)
-23
Calculate 8 - ((-2 - 0 - (-25 + 28)) + 0).
13
What is the value of 7 + -5 + 3 + -7?
-2
What is the value of (24 - (-17 + -13)) + -25?
29
What is (12 - (10 - 6)) + 4 + 7?
19
What is the value of (17 - (8 - -20) - -12) + -6?
-5
What is 71 + -72 + (2 - (-5 - -1)) - 7?
-2
4 - (-3 + 3 + 7) - (20 - 37)
14
Calculate -3 - -18 - (-290 - -309).
-4
(-78 - -56) + -6 + (1 - -6)
-21
Calculate 3 + (-4 - (5 + -10)) + (-17 - 9).
-22
Calculate -7 - (-7 + (5 - 3) - -1 - 15).
12
Evaluate -37 + 38 - (4 + 4).
-7
What is 1 - (0 - -2) - (-23 + (-21 - -34))?
9
What is 0 - 1 - (-907 + 931) - (-4 + 0)?
-21
(13 - 9) + 17 + -38
-17
What is -52 - -57 - (-8 + 29 - (-3 + 2))?
-17
Calculate -16 + -13 + 39 - (7 + 1).
2
What is the value of (0 + 2 - -3) + -22 + -4 + 10?
-11
What is the value of (2 - -2) + -3 - 9 - (-6 + 14)?
-16
What is the value of -26 + 17 - (5 + -1 + 5)?
-18
What is 1 + (1 + -6 - (-38 + 36)) - -1?
-1
What is the value of 13 - -20 - (-2 + 7) - 15?
13
Evaluate 0 + (8 - 2) + 3.
9
2 + -15 - 0 - (440 + -429)
-24
(-11 - -14) + (3 - (-12 + 2))
16
-4 + -5 + 7 + -5 - -10
3
What is 9 - 5 - 1 - 15?
-12
Calculate 10 + 4 + (4 - 17) + 7.
8
What is the value of 0 - 7 - -1 - (287 - 279)?
-14
Evaluate (-43 - -34) + 0 + 2 + 0.
-7
Calculate 8 + 11 + (-24 - (9 - 15)).
1
-1 - 4 - -3 - -10 - (7 - 5)
6
-16 + (-33 - (-43 - 23))
17
Evaluate 4 + -12 + (-10 - 1 - (58 + -111)).
34
Evaluate 2 + 0 + 2 + (16 - 20) + 0.
0
What is the value of 11 - (-5 + 0 + 10)?
6
What is the value of -3 + (-7 - (-4 + 9 - (-5 - -23)))?
3
What is the value of (-12 - 3) + 12 + -4?
-7
Calculate (0 - 1) + (24 - (-30 + 51)).
2
Evaluate 8 + -9 + -14 - (0 + 0 - -9).
-24
Calculate 4 + -7 + -28 + 19 + -6.
-18
What is (-7 - (29 - 38)) + 0 + 11?
13
Calculate (22 - -4 - 13) + (-4 - 2).
7
Calculate (-25 - 1) + (-45 - -89 - 47).
-29
Wha